{"id":228,"date":"2023-07-28T21:26:15","date_gmt":"2023-07-28T21:26:15","guid":{"rendered":"http:\/\/www.onetsigorta.net\/?page_id=228"},"modified":"2023-07-28T21:26:16","modified_gmt":"2023-07-28T21:26:16","slug":"insaat-sigortasi","status":"publish","type":"page","link":"https:\/\/www.onetsigorta.net\/?page_id=228","title":{"rendered":"\u0130n\u015faat Sigortas\u0131"},"content":{"rendered":"\n<p>Sigorta konusunu te\u015fkil eden de\u011ferler,\u00a0in\u015faat s\u00fcresi i\u00e7erisinde \u00f6nceden bilinmeyen ve ani bir sebeple herhangi bir ziya ve hasara u\u011franmas\u0131 halini g\u00fcvence alt\u0131na alan bir m\u00fchendislik sigortas\u0131d\u0131r.<\/p>\n","protected":false},"excerpt":{"rendered":"<p>Sigorta konusunu te\u015fkil eden de\u011ferler,\u00a0in\u015faat s\u00fcresi i\u00e7erisinde \u00f6nceden bilinmeyen ve ani bir sebeple herhangi bir ziya ve hasara u\u011franmas\u0131 halini g\u00fcvence alt\u0131na alan bir m\u00fchendislik sigortas\u0131d\u0131r.<\/p>\n","protected":false},"author":1,"featured_media":0,"parent":0,"menu_order":0,"comment_status":"closed","ping_status":"closed","template":"","meta":{"_themeisle_gutenberg_block_has_review":false,"footnotes":""},"class_list":["post-228","page","type-page","status-publish","hentry"],"_links":{"self":[{"href":"https:\/\/www.onetsigorta.net\/index.php?rest_route=\/wp\/v2\/pages\/228","targetHints":{"allow":["GET"]}}],"collection":[{"href":"https:\/\/www.onetsigorta.net\/index.php?rest_route=\/wp\/v2\/pages"}],"about":[{"href":"https:\/\/www.onetsigorta.net\/index.php?rest_route=\/wp\/v2\/types\/page"}],"author":[{"embeddable":true,"href":"https:\/\/www.onetsigorta.net\/index.php?rest_route=\/wp\/v2\/users\/1"}],"replies":[{"embeddable":true,"href":"https:\/\/www.onetsigorta.net\/index.php?rest_route=%2Fwp%2Fv2%2Fcomments&post=228"}],"version-history":[{"count":1,"href":"https:\/\/www.onetsigorta.net\/index.php?rest_route=\/wp\/v2\/pages\/228\/revisions"}],"predecessor-version":[{"id":229,"href":"https:\/\/www.onetsigorta.net\/index.php?rest_route=\/wp\/v2\/pages\/228\/revisions\/229"}],"wp:attachment":[{"href":"https:\/\/www.onetsigorta.net\/index.php?rest_route=%2Fwp%2Fv2%2Fmedia&parent=228"}],"curies":[{"name":"wp","href":"https:\/\/api.w.org\/{rel}","templated":true}]}}